base 13, what is -217a - 3?
-2180
In base 8, what is -340 - -5?
-333
In base 5, what is 4 + 14122?
14131
In base 4, what is 10 - 202101?
-202031
In base 12, what is 47 - -460?
4a7
In base 6, what is -215 + -400?
-1015
In base 11, what is 4 - 23?
-1a
In base 10, what is -3 + 560?
557
In base 7, what is -2 - 303?
-305
In base 9, what is 30 + -148?
-118
In base 2, what is -1111 + -101000?
-110111
In base 14, what is 888 - -5?
88d
In base 7, what is -5 - -366?
361
In base 16, what is -69 - b?
-74
In base 8, what is -46 - -11?
-35
In base 7, what is -15 + 46?
31
In base 6, what is -4 - 13?
-21
In base 14, what is -123 + -1c?
-141
In base 4, what is -10 + 1133?
1123
In base 13, what is -2 - -33?
31
In base 13, what is 132 - -19?
14b
In base 7, what is 3 - 630?
-624
In base 9, what is -4 + -135?
-140
In base 5, what is -130 - -3444?
3314
In base 4, what is -1 + 2110?
2103
In base 16, what is 8 + -1?
7
In base 7, what is -135 - -21?
-114
In base 14, what is 4 - c?
-8
In base 12, what is -b15 - -5?
-b10
In base 10, what is -1 + -1510?
-1511
In base 11, what is -5 + 1052?
1048
In base 10, what is 6 - 142?
-136
In base 3, what is 112 - 210?
-21
In base 16, what is -5 - 11d6?
-11db
In base 8, what is -475 + -11?
-506
In base 7, what is -111 - -4?
-104
In base 5, what is -4 + -103?
-112
In base 14, what is -c + -3?
-11
In base 14, what is 9a + -77?
23
In base 16, what is 1b9 - 6?
1b3
In base 14, what is 5d + 17?
76
In base 6, what is -1130 + 3?
-1123
In base 3, what is 202 - 1212?
-1010
In base 6, what is 11 - 3200?
-3145
In base 6, what is -251 - -2?
-245
In base 4, what is -3 - 13?
-22
In base 15, what is 451 - -4?
455
In base 11, what is 8a + 1?
90
In base 9, what is -127 + -17?
-145
In base 8, what is 2 + 60?
62
In base 2, what is -10001100100110 + 1?
-10001100100101
In base 3, what is -2100 - -12?
-2011
In base 10, what is 1 + 18?
19
In base 12, what is 224 - 4?
220
In base 6, what is -431 + -3?
-434
In base 7, what is -32455 + -1?
-32456
In base 16, what is 2 - -9a?
9c
In base 3, what is -22200 + -10?
-22210
In base 16, what is 4 - 1c?
-18
In base 5, what is -203 + -2?
-210
In base 14, what is 3b - -59?
96
In base 8, what is 14140 - -1?
14141
In base 6, what is 25135 + -4?
25131
In base 16, what is -5 - 94f?
-954
In base 2, what is 100100100 + 110?
100101010
In base 8, what is -4 - 255?
-261
In base 7, what is -1 + 634?
633
In base 11, what is 221 + -6?
216
In base 8, what is -5 + -5045?
-5052
In base 4, what is -1230020 + 10?
-1230010
In base 13, what is -18 + 4?
-14
In base 14, what is -4 - -8a?
86
In base 5, what is -100 + 20?
-30
In base 2, what is -101 + -100100?
-101001
In base 3, what is 21 - -2000?
2021
In base 14, what is -3 - -1a0?
19b
In base 16, what is 1 - 38?
-37
In base 13, what is 1 + 3b?
3c
In base 16, what is 0 + -4ab?
-4ab
In base 11, what is 2210 + -a?
2201
In base 5, what is 1044 + 21?
1120
In base 2, what is -11101010 + 1001010?
-10100000
In base 9, what is 18 + -4?
14
In base 16, what is -2e + -1e?
-4c
In base 4, what is -213300 - 2?
-213302
In base 5, what is 12141 - 3?
12133
In base 12, what is -5 - -23?
1a
In base 7, what is 1 + -1046?
-1045
In base 3, what is -221 - 101?
-1022
In base 14, what is -112 + -7?
-119
In base 6, what is 32 + 150?
222
In base 13, what is -3 + -418?
-41b
In base 10, what is 6 + 74?
80
In base 9, what is -11 - 15?
-26
In base 9, what is -5 + 34?
28
In base 4, what is -2321 + -130?
-3111
In base 6, what is -413 - 2?
-415
In base 8, what is -13 - 53?
-66
In base 14, what is 0 + 7b?
7b
In base 8, what is -6600 + 0?
-6600
In base 15, what is -351 + 5?
-34b
In base 12, what is -261 + 3?
-25a
In base 11, what is -3 - 67?
-6a
In base 13, what is 6 - -1?
7
In base 5, what is 1 + -1143?
-1142
In base 7, what is -12121 + 12?
-12106
In base 2, what is 0 + -1?
-1
In base 13, what is -105 + 3?
-102
In base 13, what is -2 - 140?
-142
In base 15, what is -4 + 68?
64
In base 9, what is -5221 - 3?
-5224
In base 10, what is -414 - -2?
-412
In base 12, what is -253 + 1?
-252
In base 11, what is 3 - 166?
-163
In base 12, what is 7 - -33?
3a
In base 13, what is -94 + -5?
-99
In base 10, what is -47 + -49?
-96
In base 4, what is -230 - -1203?
313
In base 4, what is -20 - 101002?
-101022
In base 10, what is 829 - 2?
827
In base 2, what is 11001 - -1100111?
10000000
In base 9, what is 6 - 403?
-386
In base 6, what is 103 + -55?
4
In base 15, what is -a7 - 0?
-a7
In base 15, what is 382 - 1?
381
In base 9, what is -3 - -221?
217
In base 13, what is 5 + -255?
-250
In base 4, what is 13 + -30302?
-30223
In base 14, what is -31b - -5?
-316
In base 11, what is -2 - 7?
-9
In base 10, what is -491 + -4?
-495
In base 15, what is a + 2?
c
In base 9, what is -40 + 4?
-35
In base 4, what is -110 - -310?
200
In base 14, what is -c + 0?
-c
In base 4, what is 133 - 31010?
-30211
In base 13, what is -5 + 6c3?
6bb
In base 8, what is 102 + 37?
141
In base 11, what is 25 + 5?
2a
In base 11, what is a - 5?
5
In base 3, what is -21112200 - 10?
-21112210
In base 5, what is 31 - 1024?
-443
In base 10, what is 0 + 547?
547
In base 5, what is -103 - 40?
-143
In base 9, what is 1 - 80?
-78
In base 11, what is -5 - a1?
-a6
In base 9, what is -3 + 0?
-3
In base 10, what is -14 + -194?
-208
In base 3, what is 10 - -12220?
20000
In base 11, what is -53 - 120?
-173
In base 15, what is -4 - -1a?
16
In base 16, what is 5 + 38?
3d
In base 15, what is 5 - 2c?
-27
In base 8, what is 57 - 0?
57
In base 4, what is -23111 - -1?
-23110
In base 13, what is -35 - 5?
-3a
In base 2, what is -1000101000 + 1000?
-1000100000
In base 16, what is -2 + -23?
-25
In base 9, what is -107 - -36?
-61
In base 11, what is 2 - 5?
-3
In base 10, what is -390 - -2?
-388
In base 14, what is 50d7 - 1?
50d6
In base 15, what is -97 + 26?
-71
In base 9, what is 33 + -673?
-640
In base 4, what is -12332 + 10?
-12322
In base 11, what is -806 - -4?
-802
In base 12, what is 80 + 2?
82
In base 2, what is 1001010 + -1?
1001001
In base 4, what is 103 + 10?
113
In base 13, what is 39 + 1?
3a
In base 13, what is -1 - -8c?
8b
In base 8, what is 4 + -77?
-73
In base 10, what is -808 + 3?
-805
In base 6, what is 2235 + -3?
2232
In base 9, what is 310 - 2?
307
In base 15, what is -2 + -204?
-206
In base 2, what is 1000010001 - -11?
1000010100
In base 15, what is 102 + 0?
102
In base 7, what is 405 - -5?
413
In base 4, what is -13 - -2?
-11
In base 3, what is -22001 - -2?
-21222
In base 10, what is 6 + 185?
191
In base 10, what is -3 + 243?
240
In base 5, what is -1013 + -1?
-1014
In base 16, what is 4 + -2c?
-28
In base 4, what is 211 - 11?
200
In base 16, what is 3 + -8d?
-8a
In base 2, what is -110010000 - -1?
-110001111
In base 3, what is 21 - -12020?
12111
In base 6, what is -5 + -1302?
-1311
In base 8, what is 6 - 773?
-765
In base 3, what is -22102 + 11?
-22021
In base 9, what is -7 - -311?
303
In base 14, what is -2d + 16?
-17
In base 6, what is -25 - 1145?
-1214
In base 16, what is 3d + 18?
55
In base 14, what is -13 - 6?
-19
In base 13, what is 112 + a?
11c
In base 7, what is -5 - 24?
-32
In base 14, what is 5 - -59?
60
In base 2, what is 111 + 111?
1110
In base 4, what is 3113130 + -2?
3113122
In base 5, what is 0 + 1320?
1320
In base 9, what is 21 + -72?
-51
In base 14, what is -8c - 9?
-97
In base 2, what is -101 + 1001010001?
1001001100
In base 9, what is 5 - -1304?
1310
In base 3, what is 120001 + 10?
120011
In base 16, what is -5 + 3?
-2
In base 7, what is 0 + 2020?
2020
In base 15, what is 21e - -2?
221
In base 13, what is -9 - -5b2?
5a6
In base 10, what is 365 + -2?
363
In base 4, what is -3 + -300212?
-300221
In base 9, what is -6 - -347?
341
In base 6, what is -154101 + 2?
-154055
In base 10, what is -1086 + 3?
-1083
In base 9, what is -53 + 44?
-8
In base 6, what is 455 + -4?
451
In base 8, what is -471 + 13?
-456
In base 2, what is -11010 - 100101?
-111111
In base 15, what is -2b - -5?
-26
In base 4, what is 1120032 - -11?
1120103
In base 14, what is -2252 - 3?
-2255
In base 15, what is -16 - -2d1?
2ba
In base 3, what is -2 - -222200?
222121
In base 10, what is -1898 - 11?
-1909
In base 13, what is 4381 + 0?
4381
In base 6, what is 122 + 23?
145
In base 16, what is 377 + -2?
375
In base 5, what is 100 + 4?
104
In base 8, what is -505 - -2?
-503
In base 11, what is -4 - -39